{"id":6733,"date":"2025-01-27T20:53:00","date_gmt":"2025-01-27T19:53:00","guid":{"rendered":"https:\/\/proactifconseil.ma\/site\/?page_id=6733"},"modified":"2025-01-28T11:41:46","modified_gmt":"2025-01-28T10:41:46","slug":"expertise-comptable","status":"publish","type":"page","link":"https:\/\/proactifconseil.ma\/site\/expertise-comptable\/","title":{"rendered":"Expertise comptable"},"content":{"rendered":"\t\t<div data-elementor-type=\"wp-page\" data-elementor-id=\"6733\" class=\"elementor elementor-6733\">\n\t\t\t\t\t\t<section class=\"elementor-section elementor-top-section elementor-element elementor-element-4767c73 elementor-section-boxed elementor-section-height-default elementor-section-height-default\" data-id=\"4767c73\" data-element_type=\"section\">\n\t\t\t\t\t\t<div class=\"elementor-container elementor-column-gap-default\">\n\t\t\t\t\t<div class=\"elementor-column elementor-col-100 elementor-top-column elementor-element elementor-element-6c4611d\" data-id=\"6c4611d\" data-element_type=\"column\">\n\t\t\t<div class=\"elementor-widget-wrap elementor-element-populated\">\n\t\t\t\t\t\t<div class=\"elementor-element elementor-element-85eb2d5 elementor-widget elementor-widget-creote-tab-v1\" data-id=\"85eb2d5\" data-element_type=\"widget\" data-widget_type=\"creote-tab-v1.default\">\n\t\t\t\t<div class=\"elementor-widget-container\">\n\t\t\t<section class=\"tabs_all_box tabs_all_box_start type_two\"> <div class=\"tab_over_all_box\">   <div class=\"tabs_header clearfix\"> <ul class=\"showcase_tabs_btns nav-pills nav clearfix\">  <li class=\"nav-item\"> <a class=\"s_tab_btn nav-link active\" data-tab=\"#tabtabone\">  <\/a> <\/li>  <\/ul> <\/div> <div class=\"s_tab_wrapper\"> <div class=\"s_tabs_content\">  <div class=\"s_tab fade active-tab show\" id=\"tabtabone\"> <div class=\"tab_content one\"> <div class=\"row\">  <div class=\"col-lg-6 col-md-12 col-sm-12\"> <div class=\"image\"> <img decoding=\"async\" src=\"https:\/\/proactifconseil.ma\/site\/wp-content\/uploads\/2025\/01\/2.expertiset.png\" alt=\"image\" \/> <\/div> <\/div>  <div class=\"col-lg-6 col-md-12 col-sm-12\"> <div class=\"content_bx\">  <h6>Expertise comptable<\/h6>   <h2>Notre cabinet <\/h2>   <p>Offre un package complet en mati\u00e8re de gestion comptable pour vous aider \u00e0 g\u00e9rer efficacement votre comptabilit\u00e9. Nos services comprennent :<\/p>    <ul>  <li> Analyse et organisation des syst\u00e8mes comptables  <\/li>  <li> Tenue de la comptabilit\u00e9  <\/li>  <li> Assistance et supervision comptable  <\/li>  <li> Mise en place de la comptabilit\u00e9 analytique  <\/li>  <li> Traitement de la paie  <\/li>  <li> Production des d\u00e9clarations fiscales et sociales  <\/li>  <li> \u00c9tablissement des \u00e9tats de synth\u00e8se  <\/li>  <li> Revue fiscale et comptable : <\/li>  <\/ul>   <\/div> <\/div> <\/div> <\/div> <\/div>  <\/div> <\/div>   <\/div><\/section>\r\n\t\t<\/div>\n\t\t\t\t<\/div>\n\t\t\t\t\t<\/div>\n\t\t<\/div>\n\t\t\t\t\t<\/div>\n\t\t<\/section>\n\t\t\t\t<\/div>\n\t\t","protected":false},"excerpt":{"rendered":"<p>Expertise comptable Notre cabinet Offre un package complet en mati\u00e8re de gestion comptable pour vous aider \u00e0 g\u00e9rer efficacement votre comptabilit\u00e9. Nos services comprennent : Analyse et organisation des syst\u00e8mes comptables Tenue de la comptabilit\u00e9 Assistance et supervision comptable Mise en place de la comptabilit\u00e9 analytique Traitement de la paie Production des d\u00e9clarations fiscales et [&hellip;]<\/p>\n","protected":false},"author":1,"featured_media":0,"parent":0,"menu_order":0,"comment_status":"closed","ping_status":"closed","template":"template-fullwidth.php","meta":{"content-type":"","footnotes":""},"_links":{"self":[{"href":"https:\/\/proactifconseil.ma\/site\/wp-json\/wp\/v2\/pages\/6733"}],"collection":[{"href":"https:\/\/proactifconseil.ma\/site\/wp-json\/wp\/v2\/pages"}],"about":[{"href":"https:\/\/proactifconseil.ma\/site\/wp-json\/wp\/v2\/types\/page"}],"author":[{"embeddable":true,"href":"https:\/\/proactifconseil.ma\/site\/wp-json\/wp\/v2\/users\/1"}],"replies":[{"embeddable":true,"href":"https:\/\/proactifconseil.ma\/site\/wp-json\/wp\/v2\/comments?post=6733"}],"version-history":[{"count":10,"href":"https:\/\/proactifconseil.ma\/site\/wp-json\/wp\/v2\/pages\/6733\/revisions"}],"predecessor-version":[{"id":6926,"href":"https:\/\/proactifconseil.ma\/site\/wp-json\/wp\/v2\/pages\/6733\/revisions\/6926"}],"wp:attachment":[{"href":"https:\/\/proactifconseil.ma\/site\/wp-json\/wp\/v2\/media?parent=6733"}],"curies":[{"name":"wp","href":"https:\/\/api.w.org\/{rel}","templated":true}]}}